g**2 - 73*g + 72. Determine o(-24).
96
Let w(c) = -1383*c + 16742. What is w(12)?
146
Let l(b) = 129*b + 6179. Give l(-46).
245
Let q(j) = j**3 - 43*j**2 - 473*j + 8798. Give q(49).
27
Let s(n) = -n**2 + 673*n - 36775. Give s(60).
5
Let o(n) = -n**3 - 17*n**2 + 395*n + 118. Determine o(13).
183
Let d(g) = 13*g**3 - 10*g**2 + 72*g - 106. What is d(2)?
102
Let k(r) = -174*r + 28505. What is k(151)?
2231
Let k(w) = -w**3 + 30*w**2 + 226*w - 7556. What is k(29)?
-161
Let k(t) = -2*t**2 + 3377*t + 312651. Calculate k(-88).
-13
Let g(a) = a**2 - 9669*a + 1409116. Calculate g(148).
8
Let b(f) = -f**3 - 48*f**2 - 1201*f - 51039. Give b(-46).
-25
Let w(x) = -27*x**3 - 20*x**2 + 5*x + 9. What is w(3)?
-885
Let o(b) = b**2 - 18*b - 250. Determine o(34).
294
Let c(a) = 4*a**2 + 5064*a - 171471. Give c(33).
-3
Let j(t) = -t**2 + 22939*t + 30414372. Calculate j(-1257).
0
Let q(k) = -k**3 + 607*k**2 - 59893*k + 144. What is q(124)?
20
Let b(f) = 307*f + 16067. Calculate b(-52).
103
Let x(n) = -n**2 + 33*n - 13. Calculate x(17).
259
Let p(k) = -22*k**2 - 8720*k - 8719. What is p(-1)?
-21
Let j(d) = -2*d**3 + d**2 - 55*d + 65. What is j(12)?
-3907
Let r(f) = -131*f + 616. Give r(8).
-432
Let h(f) = -587*f + 12268. Calculate h(21).
-59
Let w(t) = -209*t**2 + 73352*t + 2587. Determine w(351).
130
Let t(i) = 480*i + 8002. Calculate t(-15).
802
Let k(x) = x**3 - 234*x**2 + 463*x + 51. Determine k(232).
-181
Let n(c) = -2190*c + 37226. What is n(17)?
-4
Let m(v) = 314*v**2 + 1251*v - 14. Determine m(-4).
6
Let y(b) = 1061*b + 422279. What is y(-398)?
1
Let c(l) = -l**2 + 199*l - 4383. Determine c(25).
-33
Let p(k) = -22954*k - 757483. Calculate p(-33).
-1
Let z(v) = v**3 - 202*v**2 + 541*v - 28140. Determine z(200).
60
Let a(r) = r**3 + 86*r**2 - 19763*r + 324. Calculate a(104).
12
Let x(h) = 1163*h - 41789. Give x(36).
79
Let p(j) = 46*j**2 + 2451*j - 7764. Give p(3).
3
Let a(j) = 23*j**2 - 432*j + 103. What is a(10)?
-1917
Let a(d) = 2*d**3 - 376*d**2 - 375*d - 564. Determine a(189).
3
Let d(b) = b**3 - 48*b**2 + 226*b - 180. Calculate d(43).
293
Let i(t) = -4*t**3 + 680*t**2 + 39746*t - 408. Calculate i(216).
24
Let n(z) = 27198*z + 108629. What is n(-4)?
-163
Let q(t) = 2*t**2 - 4115*t - 66356. Give q(-16).
-4
Let u(s) = 2109*s + 244670. Determine u(-116).
26
Let l(i) = 216*i**2 - 18839*i - 37679. Determine l(-2).
863
Let r(d) = 133833*d - 1739819. Calculate r(13).
10
Let n(y) = 317510*y + 952536. What is n(-3)?
6
Let r(j) = -j**2 + 59*j + 1490. Calculate r(92).
-1546
Let a(j) = -18*j + 87. Give a(-42).
843
Let h(u) = -34*u + 7182. Give h(169).
1436
Let j(u) = -u**3 - 85*u**2 - 81*u + 8871. Determine j(-83).
1816
Let n(z) = 57026*z + 228105. Determine n(-4).
1
Let a(s) = -329*s**2 - 13835*s + 48. Calculate a(-42).
762
Let w(c) = -504*c + 24597. What is w(45)?
1917
Let i(s) = 2*s**2 + 34*s - 591. Calculate i(-32).
369
Let i(s) = -2*s**2 - 266*s + 8675. What is i(-160)?
35
Let o(g) = -g**2 + 329*g + 13354. Determine o(365).
214
Let a(o) = o**3 - 3*o**2 - 14*o + 16. Give a(4).
-24
Let r(c) = -687*c - 2887. What is r(-5)?
548
Let z(r) = -r**3 + 240*r**2 + 1483*r - 1614. Determine z(246).
108
Let v(t) = -278*t - 2082. Give v(-3).
-1248
Let n(d) = -3*d**3 - 64*d**2 + 893*d + 18934. Calculate n(-17).
-4
Let x(o) = -321*o + 976. Give x(-5).
2581
Let s(v) = 32*v + 845. Give s(-5).
685
Let w(t) = -t**2 - 4*t + 867. Determine w(-32).
-29
Let c(j) = 81*j**2 - 433*j + 122. Calculate c(5).
-18
Let s(c) = -5070*c + 24891. Give s(5).
-459
Let l(k) = -3445*k + 3100538. Give l(900).
38
Let x(h) = -16*h**2 - 710*h + 49345. Determine x(-82).
-19
Let x(c) = c**3 - 83*c**2 - 12067*c + 1287. What is x(-76)?
-5
Let y(g) = -1951*g + 11211. Calculate y(6).
-495
Let v(f) = 8*f**2 - 4121*f - 28841. Calculate v(-7).
398
Let n(r) = -18*r**3 + 7*r**2 + 50*r + 72. What is n(-2)?
144
Let a(f) = 3*f**3 - 141*f**2 - 778*f + 164. What is a(52)?
268
Let d(q) = 531608*q - 531605. Calculate d(1).
3
Let g(w) = w**3 + 25*w**2 - 126*w - 3171. Give g(-26).
-571
Let f(n) = -142*n + 7658. What is f(30)?
3398
Let y(w) = -286*w - 7200. Give y(-28).
808
Let k(c) = -8*c**3 - 100*c**2 - 3*c + 300. Determine k(-12).
-240
Let h(q) = -4885*q + 14654. Determine h(3).
-1
Let n(q) = -267156*q - 1335772. Give n(-5).
8
Let w(y) = -4*y**3 + 341*y**2 - 1690*y + 819. Give w(80).
19
Let y(d) = 7116*d + 6333245. Calculate y(-890).
5
Let m(f) = -244*f**3 + 12*f**2 + 80*f - 77. What is m(1)?
-229
Let t(n) = -5782*n + 51507. What is t(9)?
-531
Let v(i) = -543*i + 5006. Give v(7).
1205
Let w(z) = -3*z**3 + 77*z**2 - 133*z + 291. Give w(24).
-21
Let h(s) = 57776*s - 57777. Determine h(1).
-1
Let a(g) = -385*g - 3589. What is a(-10)?
261
Let k(v) = -3*v**2 - 217*v + 34497. Determine k(77).
1
Let d(j) = -7*j**3 - 36*j**2 - 1603*j - 3073. What is d(-2)?
45
Let a(m) = 13*m - 3960. Determine a(164).
-1828
Let o(a) = 6*a**2 - 5578*a + 27770. What is o(5)?
30
Let g(j) = -j**3 - 115*j**2 - 1143*j + 321. Give g(-104).
217
Let y(a) = 2432*a - 1821650. What is y(749)?
-82
Let v(l) = 4*l**3 + 86*l**2 - 58*l + 374. Calculate v(-23).
-1466
Let p(h) = 6*h**3 + 18*h**2 + 240*h - 1367. Give p(6).
2017
Let a(t) = 7*t**3 - 2*t**2 - 267*t + 795. What is a(3)?
165
Let c(h) = -h**3 - 120*h**2 - 3354*h + 11393. Give c(-69).
8
Let b(p) = 1078*p - 6666. Calculate b(6).
-198
Let l(s) = 3*s**2 - 330*s + 3888. Give l(94).
-624
Let t(b) = 10562*b - 1732200. Calculate t(164).
-32
Let j(o) = -217080*o + 2604955. Give j(12).
-5
Let v(o) = -5350*o - 3488205. Calculate v(-652).
-5
Let k(r) = -9*r**3 - 787*r**2 + 939*r + 43921. Give k(-88).
9
Let z(r) = r**3 - 226*r**2 - 1132*r - 5156. Calculate z(231).
157
Let s(l) = -l**2 - 119*l + 201589. Determine s(393).
373
Let z(p) = -1167*p**2 - 5867*p - 13. Give z(-5).
147
Let s(q) = q**2 - 1873*q + 551564. Give s(366).
2
Let x(o) = -o**3 + 86*o**2 - 21*o + 9540. Calculate x(87).
144
Let r(m) = -17*m**2 - 196*m - 4480. Give r(-18).
-6460
Let w(v) = 6*v**3 - 119*v**2 + 35*v - 1051. What is w(20)?
49
Let q(z) = -39806*z - 875786. Give q(-22).
-54
Let v(i) = -i**3 - i**2 + 4353*i + 21763. Give v(-5).
98
Let z(n) = -2189*n + 8710. Determine z(4).
-46
Let v(w) = -3*w**2 + 272*w - 778. Determine v(90).
-598
Let o(z) = 3661*z + 442962. Calculate o(-121).
-19
Let d(p) = -34690*p + 34665. Give d(1).
-25
Let z(k) = -3*k**3 - 42*k**2 + 168*k + 2376. Calculate z(-14).
24
Let n(d) = d**2 - 5077*d - 386410. Determine n(-75).
-10
Let o(k) = k**2 + 176*k + 6985. Give o(-112).
-183
Let w(v) = -70*v**2 - 511*v + 776. Calculate w(-9).
-295
Let v(x) = -x**3 - 52*x**2 - 61*x + 428. What is v(-50)?
-1522
Let m(p) = p**3 + 31*p**2 + 79*p - 219. Determine m(-23).
2196
Let s(r) = -174*r**2 - 21031*r + 2789. Calculate s(-121).
6
Let f(g) = 524*g - 18354. Calculate f(35).
-14
Let o(w) = -1480*w + 109325. Determine o(74).
-195
Let h(y) = -y**2 - 732*y + 7428. Give h(-742).
8
Let a(p) = -9*p**3 - 10*p**2 - 204*p + 614. Calculate a(3).
-331
Let l(q) = 13*q**2 - 430*q - 1004. What is l(36)?
364
Let c(o) = -2*o**2 + 636*o - 17295. Give c(30).
-15
Let q(m) = 24*m**3 - 1058*m**2 + 93*m + 456. Calculate q(44).
676
Let l(t) = -7*t**3 + 527*t**2 - 85*t - 151. Determine l(75).
4724
Let q(b) = b**3 + 21*b**2 - 942*b - 3997. Give q(-4).
43
Let m(f) = -f**3 + 227*f**2 - 12539*f - 123. Determine m(132).
9
Let f(o) = 71*o**2 + 18*o + 373. Calculate f(-7).
3726
Let l(q) = 28732*q - 115722. What is l(4)?
-794
Let a(b) = 5*b**3 - 15*b**2 + 123*b - 394. What is a(4)?
178
Let u(h) = -21133*h + 380391. What is u(18)?
-3
Let h(l) = l**2 + 184*l + 7331. Give h(-55).
236
Let o(a) = -38*a**2 + 1854*a - 7355. Calculate o(4).
-547
Let s(x) = -x**2 + 8*x + 105. Calculate s(-15).
-240
Let g(y) = 2*y**2 - 135682*y - 678454. Give g(-5).
6
Let q(l) = -629*l - 2125. What is q(-3)?
-238
Let x(m) = -3*m**2 + 142573*m - 855353. What is x(6)?
-23
Let v(b) = b**2 - 62*b - 894. What is v(-12)?
-6
Let t(a) = 454140*a - 6357933. Calculate t(14).
27
Let o(d) = -d**3 + 27*d**2 - 328*d + 2288. Calculate o(11).
616
Let a(s) = -17*s**2 - 35*s + 282. Determine a(6).
-540
Let b(q) = -5*q**3 + 30*q**2 + 89*q - 336. What is b(7)?
42
Let v(t) = 212*t**3 - 1488*t**2 + 33*t - 19. Give v(7).
16
Let n(c) = 20*c**3 + 483*c**2 + 69*c - 61. Calculate n(-24).
11
Let a(n) = 45*n**2 - 3672*n - 124. Det